 + 10. What is the units digit of j?
2
Suppose -2*c + 1311 = 191. What is the hundreds digit of c?
5
Suppose 56*c - 474 = 53*c. Let o = c + -77. What is the tens digit of o?
8
Let h = 3 + 5. Let a(b) = -8*b + 3*b - h*b - 9*b + 1. What is the units digit of a(-2)?
5
Let k(p) = -p**2 - 2*p + 533. What is the units digit of k(0)?
3
Let y(l) = l**2 - 5*l + 5. Let k be (3 + (-2 - 1))/2. Suppose -2*w = 5*a + 7, w + k = -3*a - 5. What is the units digit of y(w)?
1
Suppose 0 = -x + 4, -4*x + 1124 = i + 406. What is the hundreds digit of i?
7
Let c be 1/7 + 291/21. Let g = -18 + c. What is the tens digit of (-19)/g*(8 - 4)?
1
Let j = -9 - -21. Let w be (1 + -1)*6/j. Let r = 4 - w. What is the units digit of r?
4
Let r(f) = 2*f**2 - 7*f - 54. Let t(p) = -p**3 - 11*p**2 + 9*p - 25. Let j be t(-12). What is the tens digit of r(j)?
1
Let g be (5 - 3)/(1/5). What is the units digit of (-78)/g*(-5 - 0)?
9
Let p be ((-3)/5)/(3/(-10)). Suppose -p*y + 0*y + 143 = b, 3*y - 222 = -4*b. What is the units digit of y?
0
Suppose 2396 = 7*o - 159. What is the tens digit of o?
6
What is the units digit of (-9)/(-45) + -2 + (-19257)/(-15)?
2
Suppose -5 + 4 = -x, 5*a - 9 = -4*x. Let b be -3*a - (-9 - 3). Suppose -12*j + b*j = -72. What is the tens digit of j?
2
Suppose 0 = 4*l + 2*i - 1656, 3*l - 5*i - 1229 = -0*i. Let t = l - 269. What is the hundreds digit of t?
1
Let t(v) = -v**3 + 17*v**2 - 14*v - 5. Let z be t(17). Let w = z + 355. What is the hundreds digit of w?
1
Let n be (-1191)/(-15) + (-8)/20. Suppose 5*y - n - 61 = 0. What is the tens digit of y?
2
Suppose -x + 33 = 13. Suppose 23 = n - x. Let a = n + -9. What is the units digit of a?
4
Suppose -4*k + 4 = d, k - 2*k = -2*d + 8. Suppose -2*a + k*a + n = -84, -2*a = n - 80. What is the units digit of a?
1
Let d = -27 + 62. Let f = d - 26. What is the units digit of f?
9
Let w(n) = 2*n**2 - n. Let v be w(-1). Let o(k) = 4*k**2 + 3*k. What is the tens digit of o(v)?
4
Let u(v) = -2*v**3 + 7*v**2 - v - 3. Let r be u(3). Let o = r - -50. What is the units digit of o?
3
Let k(c) = -33*c - 2. Let t be k(-2). Suppose p + 44 = 3*p + 2*v, 3*p = -v + t. What is the units digit of p?
1
Let x be (-16296)/(-98) - 2/7. Suppose r = -r + x. Let a = 134 - r. What is the tens digit of a?
5
Suppose -48*w + 53*w - 7840 = 0. What is the thousands digit of w?
1
Let o(d) = 2*d**3 - 4*d**2 + 3. Let n be 6/(-9)*-1*6. Let v = 7 - n. What is the tens digit of o(v)?
2
Let n(x) = x**3 + 7*x**2 - 2*x + 8. Let r be n(-7). Suppose -2*l = -r - 36. What is the units digit of l?
9
Let d = 3515 - 426. What is the hundreds digit of d?
0
Suppose 0 = o - 18 + 45. Let w = o - -35. What is the units digit of w?
8
Suppose -4*r + 31 = 3*h, 0*r - 2*r = 3*h - 35. Let f = h - -30. What is the tens digit of f?
4
Let s(a) = -a**3 + 4*a**2 - 6*a + 5. Let q(b) = b**3 - 5*b**2 + 7*b - 5. Let z(l) = -5*q(l) - 4*s(l). Suppose -5 = -7*f + 44. What is the tens digit of z(f)?
2
Let i be -1*(4 + 13)/1. Let n = 22 + i. Suppose 56 + 67 = n*j - 4*f, 4*f = j - 31. What is the units digit of j?
3
Let n be 210/(-56) - (-1)/(-4). Let h be n*4*15/40. Let m(o) = -o**3 - 4*o**2 + 5*o. What is the tens digit of m(h)?
4
What is the units digit of 1/((-34)/17323*1/(-2))?
9
Suppose 2*t + 3*k = 6*t + 27, 2*k = 5*t + 25. Let x be (-3)/9*(t - 3). Suppose 2*o - 2*p = -8 + 42, 0 = x*o - 5*p - 49. What is the units digit of o?
2
Let o(k) = -321*k - 27. Let q be o(8). What is the hundreds digit of (15/(-4))/5 + q/(-20)?
1
Let d(t) = -3*t + 0*t - 10 + 24*t + 6. What is the tens digit of d(2)?
3
What is the units digit of 159/742 - (-51909)/14?
8
What is the units digit of 1634/(-4)*-2 + 0/(-18)?
7
Suppose 5*o = 15, 5*m = -3*o + 8 + 26. Suppose m*i - 342 = -4*h + 2*h, -5*i + 2*h = -358. What is the units digit of i?
0
Let f = 852 - 260. Suppose f = 10*j - 2*j. What is the tens digit of j?
7
Let p(a) = 2*a + 43. Let t be p(-19). Suppose 0 = -4*c + 3*l + 193, -2*c - t*l = -2*l - 83. What is the units digit of c?
6
Suppose 4*j = 2*j + 8. Suppose 0 = -c - j + 8. Suppose c*x = -2*n + 84, -n + 82 = 3*x + x. What is the tens digit of x?
2
Let n be -4 - ((-5)/5 + 0). What is the tens digit of n/12 + 130/8?
1
Let z = -116 + -70. Let u = -46 - z. What is the tens digit of u?
4
Let i be 0/11*1/(-2). What is the tens digit of (-597)/(-6) + i + 2/(-4)?
9
Let b(g) = g**3 - g**2 - 8*g - 6. Let s be b(7). Suppose -3*p + s = -74. Suppose -3*y - 101 = -4*d, 5*y - p = -3*d + 2*y. What is the units digit of d?
9
Let h = 2929 + -1057. What is the hundreds digit of h?
8
Suppose 0 = 2*l - 2*h + 32, -4 = 3*h - 1. Let m = 23 + l. What is the units digit of m?
6
Let r(z) = z + 8. Let n be r(-4). Suppose 5*x - n*x - 88 = 0. What is the units digit of x?
8
Let l be 0*((-2)/(-4) - (-4)/8). Suppose -2*f + 392 = -l*f. What is the hundreds digit of f?
1
Suppose 2*g + 4*g = 24. Suppose 0 = -g*u + 4*c + 84, 0*u + 5*u + c - 111 = 0. Suppose -4*l + u + 134 = 0. What is the tens digit of l?
3
Let b = -212 - -440. What is the hundreds digit of b?
2
Suppose -3*i = h - 999, 3*i + 1600 = 4*h - 2351. What is the tens digit of h?
9
Suppose 6 - 2 = 4*p. Let k(w) = 2*w - 3*w - p - w. What is the tens digit of k(-9)?
1
Let m be (0/(5/(-1)))/((-2)/(-1)). Suppose 0 = -5*n + 3*b + 1067, m = 2*n - 0*n - 2*b - 430. What is the hundreds digit of n?
2
Suppose -171*l + 163*l = -44760. What is the hundreds digit of l?
5
Let u = 8512 - 4441. What is the tens digit of u?
7
Let o be 31/11 - 36/(-198). Suppose 2*i - o*i = -1, 0 = 3*p + 4*i - 43. What is the tens digit of p?
1
Let i(q) = q + 16. Let t(y) = y + 15. Let g(f) = 4*i(f) - 3*t(f). Let m = -27 - -41. What is the units digit of g(m)?
3
Let j be 22/(1 + 1/1). Suppose 0 = c - j. Let l = 27 - c. What is the tens digit of l?
1
What is the units digit of (-43)/(2 - 655/325)?
5
What is the tens digit of (-6)/(-20) - (-37270)/100?
7
Suppose -6103 = -s - s - 5*o, -3045 = -s + 4*o. What is the thousands digit of s?
3
Let k be (-6)/7*-2 + 20/70. Suppose 139 = k*y - 23. What is the units digit of y?
1
Let m be 15/(-10)*4/(-3). Suppose -m*d + d + 5 = 0. Suppose -z + d = 2. What is the units digit of z?
3
Let k(d) = -3*d**2 + 2*d - 31. Let r(w) = 2*w**2 - w + 16. Let l(i) = -3*k(i) - 5*r(i). Let n = -10 - -10. What is the units digit of l(n)?
3
Suppose 3*m = 5*h + 19, -3*h + 1 = m + 4. Suppose 325 = -m*u + 8*u. What is the tens digit of u?
6
Let u = -740 + 1461. What is the hundreds digit of u?
7
Let v be (1 - 3) + 41/((-738)/720). Suppose 4*h - 88 = u + 587, -4*h + 5*u + 687 = 0. What is the tens digit of h/18*v/(-8)?
4
Suppose 8*v - 2173 = 6163. What is the hundreds digit of v?
0
Suppose -3*d - 2*c + 1119 = 0, -1180 = -4*d + c + 312. What is the units digit of d?
3
Let t = -3 - -9. Suppose -2 - t = -4*k. Suppose -2*s + 28 = -5*x, -k = -2*x + 2. What is the tens digit of s?
1
Let y(d) be the first derivative of -d**4/4 - 5*d**3/3 - d**2 + 8*d + 8. Let i be y(-4). What is the units digit of (2 - i) + (-2 - -52)?
2
Let t(w) = -w**3 + 30*w**2 - 13*w - 44. Let c be t(29). What is the hundreds digit of c/(-5)*(44/(-16) + -1)?
3
Let k(u) = -3*u**3 + u**2 - 2*u - 6. Let t be k(-2). Let w = -2 + t. What is the units digit of w?
4
Suppose 4*a + 18 = -2. Let d = 4 + a. Let x(r) = -8*r - 1. What is the units digit of x(d)?
7
Let s = -1685 - -4118. What is the hundreds digit of s?
4
Let z(p) = -2*p + 43. Let x be (4/(-6))/(4/(-114)). What is the units digit of z(x)?
5
Let p = -203 - -238. What is the units digit of p?
5
Let c(q) = 99*q - 198. What is the hundreds digit of c(17)?
4
Let q be (4 - 2)*2/(8/18). Let y(i) = 6*i - 10. What is the units digit of y(q)?
4
Suppose 2*s = s. Suppose 9 = 3*m + 3*a, -m + a + s*a = -1. Suppose m*c - 33 = -5. What is the units digit of c?
4
Suppose q = 5*q + 5*y - 115, -10 = 2*y. Let n = -62 + 44. Let x = q + n. What is the units digit of x?
7
Let n(d) = 6*d**2 + d - 2. Let w be n(-2). Let f = -138 - -146. Suppose w = -7*x + f*x. What is the units digit of x?
0
Let y(x) be the second derivative of -x**5/5 + x**3/6 - x**2/2 - 12*x. What is the tens digit of y(-2)?
2
Let l(y) = 2 + y - 4 + 0*y + 3*y. Suppose -3*u = 2*q - 12, 2*q = 3*u - 3*q + 9. What is the units digit of l(u)?
6
Suppose 2*c - 3*c = 7. Let r(h) = 0*h + 3*h + 5 + 0*h - 5*h. What is the tens digit of r(c)?
1
Let